{"id":99,"date":"2020-01-30T16:34:28","date_gmt":"2020-01-30T15:34:28","guid":{"rendered":"http:\/\/lepaniersaintfiacre.fr\/?page_id=99"},"modified":"2026-02-11T16:47:47","modified_gmt":"2026-02-11T15:47:47","slug":"contrat-fromages","status":"publish","type":"page","link":"https:\/\/lepaniersaintfiacre.fr\/index.php\/contrats\/contrat-fromages\/","title":{"rendered":"Contrat Fromages"},"content":{"rendered":"\n<p><strong>Les paysans<\/strong> :  <strong>Ferme du Cabri au lait<\/strong> &#8211;  S\u00e9bastien BEAURY et Claire PROUST  &#8211;  Les H\u00e9raults (RD 760 de Sainte-Maure \u00e0 Loches)  &#8211;  37800 SEPMES <\/p>\n\n\n\n<p><strong>Les produits : B\u00fbche Sainte Maure (frais, 1\/2 sec) &#8211; Cabri Rond (frais, \u00bd sec) &#8211; Frais aux herbes &#8211; Faisselle &#8211; Yaourt &#8211; Tomme<\/strong><\/p>\n\n\n<div class=\"wp-block-image\">\n<figure class=\"alignright size-full is-resized\"><img decoding=\"async\" loading=\"lazy\" src=\"https:\/\/lepaniersaintfiacre.fr\/wp-content\/uploads\/2025\/01\/image-2.png\" alt=\"\" class=\"wp-image-792\" width=\"144\" height=\"140\"\/><\/figure><\/div>\n\n\n<p class=\"has-vivid-green-cyan-color has-text-color\"><strong>Le calendrier<\/strong> :   8 distributions pour 2026<\/p>\n\n\n\n<p class=\"has-vivid-cyan-blue-color has-text-color\">R\u00e9f\u00e9rente : <a href=\"mailto:fromages@lepaniersaintfiacre.fr\">Martine Porras<\/a><\/p>\n\n\n\n<h3><strong>Contrat<\/strong><\/h3>\n\n\n\n<p>Comme pour l&rsquo;ann\u00e9e derni\u00e8re, le contrat sera de mars \u00e0 novembre.<\/p>\n\n\n\n<p><strong><mark style=\"background-color:rgba(0, 0, 0, 0)\" class=\"has-inline-color has-vivid-cyan-blue-color\">Calendrier des Livraisons<\/mark><\/strong> : La livraison se fera le jeudi entre 18h et 19h, aux dates pr\u00e9vues : <br><strong>19 mars, 16 avril, 21 mai, 18 juin, 23 juillet, 17 septembre, 15 octobre, 12 novembre<\/strong>.<\/p>\n\n\n\n<p><strong><mark style=\"background-color:rgba(0, 0, 0, 0)\" class=\"has-inline-color has-vivid-cyan-blue-color\">Lieu <\/mark><\/strong>: A la salle Cocteau du centre culturelle, \u00e0 cot\u00e9 de la m\u00e9diath\u00e8que du Mail de l\u2019Ile de France, au Long Rayage \u00e0 Lisses.<\/p>\n\n\n\n<p>Depuis le site AmapJ, une fois la s\u00e9lection r\u00e9alis\u00e9e (voir <em>Propositions<\/em>) un \u00ab&nbsp;Contrat d\u2019Engagement&nbsp;\u00bb sera imprim\u00e9 (par vous ou le r\u00e9f\u00e9rent). Celui-ci contiendra le d\u00e9tail de vos choix, les dates des livraisons, le montant total, et les dates d\u2019encaissement et montant des ch\u00e8ques.<br>Il ne vous restera plus qu\u2019\u00e0 signer ce document contrat, puis le remettre \u00e0 la r\u00e9f\u00e9rente avec le(s) ch\u00e8que(s).<br>Contactez-la pour savoir quand elle sera pr\u00e9sente lors d&rsquo;une livraison \u00e0 la salle vers 18h00, ou sinon comment lui transmettre.<\/p>\n\n\n\n<p>Les paiements seront possibles en fournissant 1 \u00e0 4 ch\u00e8ques, d\u2019un montant minimal de 22\u20ac, d\u00e8s le d\u00e9but du contrat, le paysan sera responsable des r\u00e9gularit\u00e9s d&rsquo;encaissement.<\/p>\n\n\n\n<p><strong>Clause de calcul de fin d&rsquo;ann\u00e9e&nbsp;: Si les tarifs doivent changer en cours d\u2019ann\u00e9e un rectificatif sera appliqu\u00e9 lors de la derni\u00e8re distribution<\/strong><\/p>\n\n\n\n<h3>Propositions<\/h3>\n\n\n\n<p>Date limite pour l\u2019enregistrement de vos choix pour une ann\u00e9e compl\u00e8te : le <strong>28 f\u00e9vrier 202<\/strong>6.<\/p>\n\n\n\n<p>L\u2019adh\u00e9rent a la possibilit\u00e9 de commander plusieurs vari\u00e9t\u00e9s de fromage, mais il a aussi la libert\u00e9 de changer de vari\u00e9t\u00e9 d\u2019une livraison \u00e0 une autre. l&rsquo;outil d&rsquo;abonnement est r\u00e9gl\u00e9 pour permettre ces choix.<br><span style=\"text-decoration: underline;\">Remarque<\/span> : le pr\u00e9-requis est que ces choix devront \u00eatre imp\u00e9rativement d\u00e9termin\u00e9s au d\u00e9but, c\u2019est \u00e0 dire \u00e0 la signature du contrat remis; Ceci \u00e0 pour but de faciliter la gestion pour le paysan et l\u2019AMAP, pour l\u2019organisation et le financement.<\/p>\n\n\n\n<p>Pour la s\u00e9lection, il est recommand\u00e9 de la faire sur notre site de gestion, <strong>AmapJ<\/strong> (<a href=\"https:\/\/lepaniersaintfiacre.fr\/index.php\/contrats\/amapj\/\">voir page d\u00e9di\u00e9e<\/a>), <br>ou bien de la soumettre au r\u00e9f\u00e9rent (un email ou de visu), qui vous aidera \u00e0 choisir et enregistrera vos informations.<\/p>\n\n\n\n<p>Les Cabri au lait sont certifi\u00e9s <mark style=\"background-color:rgba(0, 0, 0, 0)\" class=\"has-inline-color has-vivid-green-cyan-color\">Agriculture Biologique<\/mark><\/p>\n\n\n\n<h4>Disponible sur toute la p\u00e9riode<\/h4>\n\n\n\n<figure class=\"wp-block-table is-style-stripes\"><table><tbody><tr><td class=\"has-text-align-center\" data-align=\"center\"><strong>Produits<\/strong><\/td><td><strong>caract\u00e9ristique<\/strong><\/td><td><strong>Prix<\/strong><\/td><\/tr><tr><td class=\"has-text-align-center\" data-align=\"center\">Yaourt<\/td><td>425gr<\/td><td>4,00 \u20ac<\/td><\/tr><tr><td class=\"has-text-align-center\" data-align=\"center\">Faisselle<\/td><td>425gr<\/td><td>5,80 \u20ac<\/td><\/tr><tr><td class=\"has-text-align-center\" data-align=\"center\">Cabri (rond), Frais non sal\u00e9<\/td><td>sous cellophane<\/td><td>4,70 \u20ac<\/td><\/tr><tr><td class=\"has-text-align-center\" data-align=\"center\">Cabri (rond), Frais sal\u00e9 cendr\u00e9<\/td><td><\/td><td>4,70 \u20ac<\/td><\/tr><tr><td class=\"has-text-align-center\" data-align=\"center\">Cabri (rond), 1\/2 sec<\/td><td><\/td><td>4,70 \u20ac<\/td><\/tr><tr><td class=\"has-text-align-center\" data-align=\"center\">Cabri (rond), sec<\/td><td><\/td><td>4,70 \u20ac<\/td><\/tr><tr><td class=\"has-text-align-center\" data-align=\"center\">Sainte Maure de Toura\u00eene (b\u00fbche), Frais non sal\u00e9<\/td><td>sous cellophane<\/td><td>6,40 \u20ac<\/td><\/tr><tr><td class=\"has-text-align-center\" data-align=\"center\">Cabri (rond), Frais sal\u00e9 cendr\u00e9<\/td><td><\/td><td>6,40 \u20ac<\/td><\/tr><tr><td class=\"has-text-align-center\" data-align=\"center\">Cabri (rond), 1\/2 sec<\/td><td><\/td><td>6,40 \u20ac<\/td><\/tr><tr><td class=\"has-text-align-center\" data-align=\"center\">Cabri (rond), sec<\/td><td><\/td><td>6,40 \u20ac<\/td><\/tr><tr><td class=\"has-text-align-center\" data-align=\"center\">Fromage de ch\u00e8vre frais aux herbes<\/td><td>\u00e0 tartiner, 200gr<\/td><td>5,30 \u20ac<\/td><\/tr><\/tbody><\/table><\/figure>\n\n\n\n<h4>Disponible de mai \u00e0 juillet (2 distributions)<\/h4>\n\n\n\n<figure class=\"wp-block-table is-style-stripes\"><table><tbody><tr><td class=\"has-text-align-center\" data-align=\"center\"><strong>Produits<\/strong><\/td><td><strong>caract\u00e9ristique<\/strong><\/td><td><strong>Prix<\/strong><\/td><\/tr><tr><td class=\"has-text-align-center\" data-align=\"center\">Tomme de ch\u00e8vre<\/td><td>quart de tomme<\/td><td>15,50 \u20ac<\/td><\/tr><tr><td class=\"has-text-align-center\" data-align=\"center\">Tomme de ch\u00e8vre<\/td><td>demi tomme<\/td><td>31,00 \u20ac<\/td><\/tr><tr><td class=\"has-text-align-center\" data-align=\"center\">Tomme de ch\u00e8vre<\/td><td>tomme enti\u00e8re<\/td><td>58,00 \u20ac<\/td><\/tr><\/tbody><\/table><\/figure>\n\n\n\n<p><\/p>\n\n\n\n<h2>Informations sur la Ferme<\/h2>\n\n\n\n<p>S\u00e9bastien et Claire sont deux n\u00e9oruraux. C\u2019est gr\u00e2ce au parrainage de\nleurs premi\u00e8res ch\u00e8vres, aux soutiens divers de leur famille et d\u2019amis\u2026 et de\nbeaucoup de courage que leur ferme du \u00ab Cabri au Lait \u00bb a vu le jour en mai\n2009. <\/p>\n\n\n\n<p>La Ferme du Cabri au Lait poss\u00e8de aujourd\u2019hui 95 ch\u00e8vres alpines et produit du fromage affin\u00e9 Sainte Maure, du cabri rond, du yaourt et de la faisselle.<\/p>\n\n\n\n<p>Ils assurent eux-m\u00eames la production d\u2019une nourriture biologique de leurs\nch\u00e8vres.<\/p>\n\n\n\n<p>Notre fonctionnement en AMAP nous assure (paysans et groupe en amap) les avantages qui peuvent se regrouper autour des 3 axes suivants : \u00e9cologiquement sain, socialement \u00e9quitable et \u00e9conomiquement viable.<\/p>\n\n\n\n<p>Depuis 2015, apr\u00e8s une formation aux plantes aromatiques et m\u00e9dicinales biologiques, Claire a fait l\u2019inventaire des plantes sur la ferme et a d\u00e9marr\u00e9 la cueillette. Des plantations viennent compl\u00e9ter cette diversit\u00e9 botanique.<\/p>\n\n\n\n<p>Pour les plantes, la ferme du cabri au lait est certifi\u00e9e Nature et Progr\u00e8s.<\/p>\n\n\n\n<p>90 plantes diff\u00e9rentes sont cueillies \u00e0 la main et propos\u00e9es ensuite en tisane, sel aromatis\u00e9, sucre aromatis\u00e9, huiles aromatis\u00e9es, eaux florales, etc\u2026<\/p>\n\n\n\n<p>D\u2019autres informations sur <a href=\"http:\/\/www.cabriaulait.fr\">www.cabriaulait.fr<\/a><\/p>\n\n\n\n<p>Pour tout information ou initier un contrat fromage, n&rsquo;h\u00e9sitez pas \u00e0 nous contacter par email : <br><a href=\"mailto:fromages@lepaniersaintfiacre.fr\">fromages@lepaniersaintfiacre.fr<\/a><\/p>\n","protected":false},"excerpt":{"rendered":"<p>Les paysans : Ferme du Cabri au lait &#8211; S\u00e9bastien BEAURY et Claire PROUST &#8211; Les H\u00e9raults (RD 760 de &hellip; <a href=\"https:\/\/lepaniersaintfiacre.fr\/index.php\/contrats\/contrat-fromages\/\" class=\"more-link\">More <span class=\"screen-reader-text\">Contrat Fromages<\/span> <span class=\"meta-nav\">&rarr;<\/span><\/a><\/p>\n","protected":false},"author":5,"featured_media":0,"parent":2,"menu_order":0,"comment_status":"closed","ping_status":"closed","template":"","meta":[],"_links":{"self":[{"href":"https:\/\/lepaniersaintfiacre.fr\/index.php\/wp-json\/wp\/v2\/pages\/99"}],"collection":[{"href":"https:\/\/lepaniersaintfiacre.fr\/index.php\/wp-json\/wp\/v2\/pages"}],"about":[{"href":"https:\/\/lepaniersaintfiacre.fr\/index.php\/wp-json\/wp\/v2\/types\/page"}],"author":[{"embeddable":true,"href":"https:\/\/lepaniersaintfiacre.fr\/index.php\/wp-json\/wp\/v2\/users\/5"}],"replies":[{"embeddable":true,"href":"https:\/\/lepaniersaintfiacre.fr\/index.php\/wp-json\/wp\/v2\/comments?post=99"}],"version-history":[{"count":26,"href":"https:\/\/lepaniersaintfiacre.fr\/index.php\/wp-json\/wp\/v2\/pages\/99\/revisions"}],"predecessor-version":[{"id":953,"href":"https:\/\/lepaniersaintfiacre.fr\/index.php\/wp-json\/wp\/v2\/pages\/99\/revisions\/953"}],"up":[{"embeddable":true,"href":"https:\/\/lepaniersaintfiacre.fr\/index.php\/wp-json\/wp\/v2\/pages\/2"}],"wp:attachment":[{"href":"https:\/\/lepaniersaintfiacre.fr\/index.php\/wp-json\/wp\/v2\/media?parent=99"}],"curies":[{"name":"wp","href":"https:\/\/api.w.org\/{rel}","templated":true}]}}