{"id":300,"date":"2021-03-28T16:48:10","date_gmt":"2021-03-28T14:48:10","guid":{"rendered":"http:\/\/lepaniersaintfiacre.fr\/?page_id=300"},"modified":"2025-12-20T22:10:45","modified_gmt":"2025-12-20T21:10:45","slug":"notre-association","status":"publish","type":"page","link":"https:\/\/lepaniersaintfiacre.fr\/index.php\/notre-association\/","title":{"rendered":"Notre association"},"content":{"rendered":"\n<p>Notre association est r\u00e9gie par la loi 1901. Cr\u00e9\u00e9e en 2006, elle regroupe aujourd\u2019hui une cinquantaine d\u2019adh\u00e9rents venant de plusieurs communes proches de Lisses et de Bondoufle.<\/p>\n\n\n\n<p>Le Panier saint Fiacre met en \u0153uvre <strong>plusieurs contrats en AMAP<\/strong> qui associent un groupe de \u201cconsom\u2019acteurs\u201d \u00e0 un paysan d\u00e9sireux de d\u00e9velopper un partenariat fond\u00e9 sur les principes suivants :<\/p>\n\n\n\n<ul>\n<li>La qualit\u00e9 des <strong>relations paysan\/consom\u2019acteurs<\/strong> ;<\/li>\n\n\n\n<li>La <strong>qualit\u00e9<\/strong> gustative, nutritionnelle et sanitaire des produits ;<\/li>\n\n\n\n<li>La <strong>participation <\/strong>des partenaires lors des phases de culture, r\u00e9colte, livraison des produits ; <\/li>\n\n\n\n<li>Le rapport <strong>\u00e9quitable,<\/strong> pour les partenaires, entre prix d\u2019achat des produits et revenu du paysan ;<\/li>\n\n\n\n<li>Le d\u00e9veloppement des pratiques de l\u2019<strong>Agriculture paysanne<\/strong> et la mise en \u0153uvre des principes d\u00e9crits dans la Charte des AMAP.<\/li>\n<\/ul>\n\n\n\n<h2 class=\"has-vivid-green-cyan-color has-text-color\"><strong>Nos contrats\nen AMAP<\/strong> <\/h2>\n\n\n\n<ul>\n<li>Produits \u00e0 base de <strong>lait de ch\u00e8vre bio<\/strong>, avec S\u00e9bastien Beaury et Claire Proust  \u2013 La Ferme du Cabri au Lait (37)<\/li>\n\n\n\n<li><strong>Farines<\/strong> bio avec Gilles Matignon \u2013 Le moulin des Gauthiers (77)<\/li>\n\n\n\n<li><strong>L\u00e9gumes bio <\/strong>avec  La Ferme de l&rsquo;Aunette \u00e0 Ris Orangis (91) <\/li>\n\n\n\n<li><strong>\u0152ufs bio<\/strong> avec Romain Massoule \u2013 Les Bois de Viron \u00e0 Lissy (77)<\/li>\n\n\n\n<li><strong>Fleurs bio et solidaires<\/strong> avec Le Chemin des Fleurs &#8211; Avrainville (91)<\/li>\n\n\n\n<li><strong>Volailles bio <\/strong>avec David Audiguet &#8211; Ferme La Folie &#8211; La Celle St Avant (37)<\/li>\n\n\n\n<li><strong>Pain bio<\/strong> au levain avec J\u00e9r\u00f4me Chenevi\u00e8re &#8211; Ferme des Hirondelles \u00e0 Guillerval (91)<\/li>\n\n\n\n<li>Produits \u00e0 base de <strong>Plantes Aromatiques et m\u00e9dicinales bio<\/strong>, avec S\u00e9bastien et Claire \u2013 La Ferme du Cabri au Lait (37)<\/li>\n<\/ul>\n\n\n\n<h2 class=\"has-vivid-green-cyan-color has-text-color\"><strong>Notre\nfonctionnement<\/strong><\/h2>\n\n\n\n<p>Tout\ncommence par une rencontre lors d\u2019une livraison o\u00f9 vous pouvez \u00e9changer avec\nles adh\u00e9rents et le paysan sur place, et o\u00f9 vous pourrez adh\u00e9rer \u00e0\nl\u2019association et signer votre premier contrat.<\/p>\n\n\n\n<p>Vous pouvez\nvous engager dans les partenariats avec les diff\u00e9rents paysans en signant les\ncontrats qui vous conviennent le mieux.<\/p>\n\n\n\n<h1 class=\"has-vivid-green-cyan-color has-text-color\">Vous participez\n\u00e0 la vie des contrats :<\/h1>\n\n\n\n<ul>\n<li>Lors des rencontres avec les paysans&nbsp;: livraisons des produits, visites sur les lieux de production<\/li>\n\n\n\n<li>Lors\ndes activit\u00e9s internes ou ext\u00e9rieures \u00e0 l\u2019association.<\/li>\n<\/ul>\n\n\n\n<p>Vous pourrez aussi vous engager dans le\nd\u00e9veloppement des activit\u00e9s et actions de l\u2019association en participant aux\nr\u00e9unions du collectif.<\/p>\n\n\n\n<p>Le<strong> Panier saint Fiacre<\/strong> est membre du <strong>R\u00e9seau AMAP Ile-de-France<\/strong>, \u00e0 ce titre une part de l\u2019adh\u00e9sion est revers\u00e9e au R\u00e9seau des AMAP d\u2019Ile de France. Cette adh\u00e9sion nous permet de profiter de toutes les activit\u00e9s propos\u00e9es par le r\u00e9seau (formations gratuites, r\u00e9unions, assurance).<\/p>\n\n\n\n<p>Nous faisons \u00e9galement partie de l\u2019<strong>InterAMAP<\/strong> Nord Est 91 (<strong>OYES<\/strong>). L\u2019association participe aux actions et r\u00e9unions organis\u00e9es dans ce cadre.<\/p>\n","protected":false},"excerpt":{"rendered":"<p>Notre association est r\u00e9gie par la loi 1901. Cr\u00e9\u00e9e en 2006, elle regroupe aujourd\u2019hui une cinquantaine d\u2019adh\u00e9rents venant de plusieurs &hellip; <a href=\"https:\/\/lepaniersaintfiacre.fr\/index.php\/notre-association\/\" class=\"more-link\">More <span class=\"screen-reader-text\">Notre association<\/span> <span class=\"meta-nav\">&rarr;<\/span><\/a><\/p>\n","protected":false},"author":1,"featured_media":0,"parent":0,"menu_order":0,"comment_status":"closed","ping_status":"closed","template":"","meta":[],"_links":{"self":[{"href":"https:\/\/lepaniersaintfiacre.fr\/index.php\/wp-json\/wp\/v2\/pages\/300"}],"collection":[{"href":"https:\/\/lepaniersaintfiacre.fr\/index.php\/wp-json\/wp\/v2\/pages"}],"about":[{"href":"https:\/\/lepaniersaintfiacre.fr\/index.php\/wp-json\/wp\/v2\/types\/page"}],"author":[{"embeddable":true,"href":"https:\/\/lepaniersaintfiacre.fr\/index.php\/wp-json\/wp\/v2\/users\/1"}],"replies":[{"embeddable":true,"href":"https:\/\/lepaniersaintfiacre.fr\/index.php\/wp-json\/wp\/v2\/comments?post=300"}],"version-history":[{"count":8,"href":"https:\/\/lepaniersaintfiacre.fr\/index.php\/wp-json\/wp\/v2\/pages\/300\/revisions"}],"predecessor-version":[{"id":900,"href":"https:\/\/lepaniersaintfiacre.fr\/index.php\/wp-json\/wp\/v2\/pages\/300\/revisions\/900"}],"wp:attachment":[{"href":"https:\/\/lepaniersaintfiacre.fr\/index.php\/wp-json\/wp\/v2\/media?parent=300"}],"curies":[{"name":"wp","href":"https:\/\/api.w.org\/{rel}","templated":true}]}}